en i/7 - (0 + (-440)/35) is divided by 4.
1
Suppose -473 = -2*f - 116 + 153. What is the remainder when 1483 is divided by f?
208
Let q be (1/2)/((9 - 16)/(-70)). Calculate the remainder when 3696/40 + (-3 - (-13)/q) is divided by 48.
44
Let a be (-3 + 5 + -4)*2/(-2). Suppose 6*u + 40 = -a*u. Let b(c) = -c**2 - 2*c + 18. What is the remainder when 32 is divided by b(u)?
2
Suppose -2*h - 4*n - 44 = -54, -1 = -n. What is the remainder when 8085 is divided by h?
0
Suppose 59*o = 51*o + 1200. Let f = o - 129. What is the remainder when 39 is divided by f?
18
Let u be (-150)/(-60)*4/(-2). Suppose 0 = -i - 2*t + 21, 0 = -3*i - 5*t + 21 + 46. Let k = u + i. Calculate the remainder when 117 is divided by k.
21
Suppose 46*l - 14235 = -19*l. What is the remainder when 458 is divided by l?
20
Suppose 530*l - 112905 = -66*l + 17*l. What is the remainder when 386 is divided by l?
191
Let l(w) = -5*w**2 - w + 57. Calculate the remainder when 5241 is divided by l(0).
54
Suppose 5*h = 3*l - 29, h - l = -4*h - 33. Let n = h - -13. What is the remainder when n is divided by 1/(((-28)/8)/(-7))?
0
Let o = 3513 + -3480. Suppose -4*y + y + 489 = 0. What is the remainder when y is divided by o?
31
Let i be -348*(-5 + (-70)/(-15)). Suppose -2*t + 40 = 8*c - 12*c, 0 = 4*t + c - i. Calculate the remainder when 307 is divided by t.
27
Let k = 16 - -111. Suppose 0 = -4*q - 3*p + 119, 24*q - 5*p + 145 = 29*q. Let u = q + k. Calculate the remainder when u is divided by 40.
39
Let y(j) = -j**3 - 4*j**2 + 434*j + 2165. What is the remainder when 4859 is divided by y(-5)?
19
Suppose p + 12 = -2*l, 0 = -3*p - 4*l + 5*l - 8. Let r(x) = -x**3 - 5*x**2 - 9*x - 2. Calculate the remainder when 124 is divided by r(p).
16
Let z(l) = l**2 - 415*l - 2938. Calculate the remainder when 2645 is divided by z(-7).
5
Calculate the remainder when ((-2)/4)/((-27)/4698) is divided by 4.
3
Let x = -434 - -448. What is the remainder when 192 - ((-6 - 0) + x) is divided by 11?
8
Let n = -3411 + 3514. What is the remainder when 693 is divided by n?
75
Suppose 99 = l - 0*l. Calculate the remainder when l is divided by (1/3)/((-244)/(-33672)).
7
Let j(g) = -41*g + 566. What is the remainder when 96 is divided by j(13)?
30
What is the remainder when 807 is divided by 810/(-12)*(96/(-10))/8?
78
Let z = -75 + 117. Suppose 72*j = 77*j - 145. Calculate the remainder when z is divided by j.
13
Suppose -2*i + 4*r = -36, -r + 10 = r. Let p(t) = 6*t - 147. What is the remainder when 74 is divided by p(i)?
11
Let v = 70 - 18. Let t(g) = g**2 - 6. Let r be t(0). What is the remainder when (-610)/r - (-36)/(-54) is divided by v?
49
Let o = 323 - -12. Suppose 11*t - 6*t - o = 0. What is the remainder when t is divided by 20?
7
Calculate the remainder when 4260 is divided by ((-6)/(-9))/(420/86310).
13
What is the remainder when 171 is divided by (18/72)/(1/112)?
3
Let k(v) = -v**3 - 6*v**2 - 8*v + 18. What is the remainder when -1 + 2 - (-279)/9 is divided by k(-4)?
14
Let p(u) = -u**3 + 19*u**2 - 64*u + 109. Calculate the remainder when p(12) is divided by 71.
65
Let l(n) = 4*n**3 - 51*n**2 - 56*n + 811. Calculate the remainder when l(16) is divided by 203.
198
Suppose -w = -5*n - 142, -n = 2*w - 0*w - 317. Let a = -114 + w. Calculate the remainder when 84 is divided by a.
41
Suppose -h + 9 = 1. Let r(d) be the first derivative of d**4/4 - 4*d**3/3 - 5*d**2 - 8*d + 1. What is the remainder when h is divided by r(6)?
0
Let u(m) = -m**2 + 9*m - 38. Let t be u(5). Calculate the remainder when 115 is divided by ((-63)/t - 3)*42.
10
Let o = -125 - -235. Suppose 108*f - o*f + 10 = 0. Calculate the remainder when f is divided by -9*(-2)/(7 - 1).
2
Suppose 48*h - 34937 = 43*h - z, 3*z = -4*h + 27954. What is the remainder when h is divided by 76?
71
Let b = -111 + 223. What is the remainder when 548 is divided by b?
100
Calculate the remainder when 352 is divided by 4/(12 + -4)*(-580)/((-8)/4).
62
Suppose 13*h - 34738 = 1285. Calculate the remainder when h is divided by 26.
15
Let d(g) = -g**3 + 38*g**2 - 126*g + 1101. What is the remainder when d(35) is divided by 158?
50
Let s be (-541)/(-6) - (-11)/(-66). Suppose -93*y + s*y + 582 = 0. Calculate the remainder when y is divided by 52.
38
Let t(w) = -3*w**3 + 17*w**2 + 94*w - 21. Calculate the remainder when 4/(-6) - (-7630)/15 is divided by t(9).
13
Suppose -40 = 5*n + c, -n = n + 4*c + 34. Let l(z) = -2*z**3 - 16*z**2 - 21*z - 31. Calculate the remainder when 82 is divided by l(n).
10
Suppose -w = 2*w - 51. Suppose -4*l = 3*f - 798, 8*f - 11*f = 6. What is the remainder when l is divided by w?
14
Let f = 4965 + -4764. Calculate the remainder when f is divided by 44.
25
Let i be 1/5 - 4680/(-225). Suppose -135 = i*c - 24*c. Calculate the remainder when 172 is divided by c.
37
Suppose -18*a + 9236 - 2658 = 28*a. What is the remainder when a is divided by 40?
23
Let f(i) = -2*i**2 - 310*i - 1232. What is the remainder when 2141 is divided by f(-150)?
265
Suppose 4*c + 4*c = -18*c + 182. Suppose 5*y = 4*y + 13. Calculate the remainder when y is divided by c.
6
Suppose -58 = -4*c - 2*p, -4*p = 7*c - 5*c - 8. Calculate the remainder when 788 is divided by c.
14
Let n = -16941 + 20760. What is the remainder when n is divided by 153?
147
Let g(s) = -5*s**2 - 448*s - 200. Calculate the remainder when g(-88) is divided by 34.
28
Let o(s) = 3*s**3 - 14*s**2 - s + 18. Let j = -3 + 8. Calculate the remainder when o(j) is divided by 10.
8
Let l = 115 - 109. Calculate the remainder when 94 is divided by (l/8)/(27/1368).
18
Let q = -547 + 560. Suppose 0 = q*w - 327 - 2039. What is the remainder when w is divided by 54?
20
Let x(a) = -a**3 + 8*a**2 + 36*a - 18. Suppose -7*d + 10*d = 6. Suppose 5*v - 2*v - 224 = d*h, -2*h - 80 = -v. What is the remainder when v is divided by x(11)?
12
Suppose 249*b - 159*b - 14580 = 0. Calculate the remainder when 337 is divided by b.
13
Suppose 420 = 9*v - 516. What is the remainder when v is divided by -105*((-16)/12 + 1)?
34
Let f(j) = 33*j**2 + 4*j - 9. Suppose 19*a - 22*a = -6. Calculate the remainder when f(a) is divided by 12.
11
Let w = -129 - -133. Suppose 5*i = 8*p - 12*p + 380, -w*i - 475 = -5*p. What is the remainder when p is divided by 32?
31
Suppose 164*a - 99*a - 1170 = 0. What is the remainder when 79 is divided by a?
7
Suppose 20*f - 39 = -4*i + 23*f, -f + 51 = 4*i. Calculate the remainder when 1000 is divided by i.
4
Let q(z) = -z**3 + 19*z**2 - 30*z. Let s be q(17). Let y = -66 + s. Suppose -6*m = -y*m - 304. What is the remainder when m is divided by 26?
24
Suppose 4*d + 29*a - 26*a = 178, -168 = -4*d + 2*a. What is the remainder when 126 is divided by d?
40
Let m = -284 - -279. Calculate the remainder when 45 is divided by 145/(-20)*-4 + m.
21
Suppose 74*h - 79*h = -270. Calculate the remainder when ((-4)/8*214)/(-1) is divided by h.
53
Let y = 20038 - 19676. Calculate the remainder when y is divided by -22*2/8*-2.
10
What is the remainder when 733 is divided by (210/(-150))/((4 + -7)/15)?
5
Let v = -64045 + 64094. Let y = 59 - 41. What is the remainder when v is divided by y?
13
Let g(w) = 136*w**3 + 14*w**2 - 33*w - 20. Calculate the remainder when g(3) is divided by 9.
7
Let n = 104 + -98. Suppose n*l - 669 = -201. Let a = 133 - l. Calculate the remainder when a is divided by 20.
15
What is the remainder when ((-5532)/24)/(0 + (-1)/2) is divided by (19/(76/24))/(6/21)?
20
Let h = 151 + 30. What is the remainder when h is divided by ((5 + -10 - -9) + -2)*23?
43
Let g = 43 + -39. Calculate the remainder when (-2 - (-15)/9)/(4/(-204)) is divided by 6/((-4)/(-24)*g).
8
Let k(h) = -h**3 - 2*h**2 - 4*h - 1. Let c = -41 + 52. Suppose 2 = -g, 13*a - 2*g + 2 = c*a. Calculate the remainder when 74 is divided by k(a).
14
Suppose -1 = -10*j + 7*j + n, 3*j + 5*n = -5. Calculate the remainder when -2 - (j/(-4) + -86) is divided by 47.
37
Suppose c - 4*c = 2*z - 32, 3*z = 4*c + 31. Let f = -62464 + 62515. Calculate the remainder when f is divided by z.
12
Let x(h) = -h**3 + 7*h**2 - 10*h. Let n(d) = d**2 + 4*d - 8. Let m be n(-6). Suppose m*f = 3 + 13. What is the remainder when x(f) is divided by 5?
3
Suppose -280*q + 196426 = -74614. What is the remainder when q is divided by 327?
314
Suppose -3*x = 9, 2*x = -3*l + x + 4521. Suppose 0